nder when n is divided by y?
5
Let x be 8/(-10)*32*-5. Suppose 26 = -3*m + x. Calculate the remainder when m is divided by (-1)/(2 + -1) - -13.
10
Let m(b) = -2*b**3 - b**2 + 2*b - 1. Let k be m(1). Suppose 4*x = -4, -4*u + 11 = -3*x + 4*x. Calculate the remainder when 29 is divided by k/u + 94/6.
14
Let p = 32 - 1. Suppose 5*t = 2*u - 0*u - p, 12 = 4*t. What is the remainder when u is divided by 6?
5
Suppose -3*r = -3*k - 0*k + 108, -3*k - 4*r = -136. Let a = k + -24. What is the remainder when 29 is divided by a?
13
Let l = 57 - 31. Suppose 0 = -3*c + 86 + 64. What is the remainder when c is divided by l?
24
Suppose -12 = 2*t - 68. Calculate the remainder when 77 is divided by t.
21
Let g(s) = -4*s - 5. Calculate the remainder when 5 is divided by g(-2).
2
Let a be (-10)/30 - 523/(-3). Suppose 19*n - a = 17*n. What is the remainder when n is divided by 30?
27
What is the remainder when 6 is divided by (0 - 2)/((-2)/3)?
0
Let o(x) = x + 1. Let k be o(-8). Let g be 3*(-10 - 0)*k. Suppose -4*u - 58 = l - g, -4*u = -5*l - 128. What is the remainder when u is divided by 13?
11
Let c(l) = 0 + 8*l - 7*l**2 - 11 + l**3 + 2. Suppose -3*q + 2*o + 8 = -10, -3*q + 15 = -o. Calculate the remainder when q is divided by c(6).
1
Suppose g = -3*g + 340. Suppose -3*k - 2*u + 8 + 24 = 0, 0 = 5*k - 3*u - g. Calculate the remainder when 27 is divided by k.
13
Suppose -88 = -j - 3*j. Let i(m) = m**2 - 5*m - 1. Let k be i(6). Suppose -k*o = -10, -4*o - 14 = -5*a + 18. What is the remainder when j is divided by a?
6
Let p be (12/9)/((-1)/(-3)). Suppose d + p*w - 7 = 3, -5*w = -d - 8. Suppose 4*a + 8 = 0, 0 = f - a + d - 28. Calculate the remainder when f is divided by 13.
11
Suppose 4*k + 34 = 2*k. Let g = k - -63. What is the remainder when g is divided by 16?
14
Let o = 55 - -8. Calculate the remainder when o is divided by 16.
15
Let q(v) = -18*v + 7. Let j(r) = -19*r + 8. Let b(g) = -6*j(g) + 7*q(g). Let w = 2 + -3. Calculate the remainder when b(w) is divided by 5.
3
Calculate the remainder when 64 is divided by 75*(-4 - (-2)/((-24)/(-52))).
14
Let h(c) = -c**2 + 3. What is the remainder when 11 is divided by h(0)?
2
Let i(l) = 15*l - 19. Let w(z) = -6*z - 5. Calculate the remainder when i(5) is divided by w(-4).
18
Let d = 14 - 38. What is the remainder when 90/(-4)*d/18 is divided by 8?
6
Suppose 0 = -3*m + w + 7, 2*m + 3*w = -2*m + 31. Let b(c) = 5*c - 67. What is the remainder when m is divided by b(14)?
1
Suppose 0 = -7*t + 3*t + v + 27, -2*v - 5 = -t. What is the remainder when 23 is divided by t?
2
Let r(y) = -y**2 + 7*y - 2. Suppose -2*a = -2*j - 12, -a - 3*j - 30 = -6*a. What is the remainder when 14 is divided by r(a)?
2
Let l = 54 - 37. What is the remainder when 83 is divided by l?
15
Let t(r) = -r**3 + 12*r**2 - 20*r - 21. Calculate the remainder when t(9) is divided by 16.
10
Suppose -d + 6*d - 2*z = 24, 3*d = -5*z + 2. Let x = d + -2. Suppose -5*q = -2*q + 2*p + 4, 1 = -2*q - p. Calculate the remainder when x is divided by q.
0
Suppose 0*h + 38 = -h. Let b be ((-9)/3 - h) + -2. Let n = 48 - b. What is the remainder when 44 is divided by n?
14
Let u be 0 - ((1 - 1) + -5). Suppose 3*y = -u*w - 2, -10 - 2 = 3*w. What is the remainder when y is divided by -3*(-2)/6 - -3?
2
Suppose -4*l = 2*w - 4*w + 130, -2*w + 125 = -5*l. Let a = -34 + w. Suppose 2*u - 22 = -3*i, 5*u - 68 = 3*i - 4*i. What is the remainder when a is divided by u?
13
Suppose -10 = 8*x - 50. Let a(m) = m**3 - 2*m**2 + 3*m + 1. What is the remainder when a(3) is divided by x?
4
Let b be (-1 + -1)*(-10)/4. Let f(h) be the second derivative of h**4/12 - h**3/6 + 7*h**2/2 - 10*h. What is the remainder when 52 is divided by f(b)?
25
What is the remainder when 64 is divided by 0 + 24 + 2/(-1)?
20
Let y = -1 - -1. Let v(l) = -l**3 + l + 35. Let w(q) = q**3 + 4*q**2 + 3. Calculate the remainder when v(y) is divided by w(-3).
11
Let o(y) be the second derivative of -y**5/20 - 2*y**4/3 - y**3/3 - 9*y**2/2 + 2*y. What is the remainder when (0 + 4 + 2)/(6/20) is divided by o(-8)?
6
Suppose -11 = -4*w + p + 16, -3*w = 3*p - 9. What is the remainder when 20 - (-2)/w*0 is divided by 7?
6
Let m(n) = n**3 - 3*n**2 + 4*n - 1. Let x = -40 + 72. Calculate the remainder when x is divided by m(3).
10
Suppose 5*z - 12 = -7, 0 = 4*i - 2*z - 342. What is the remainder when i is divided by 30?
26
Suppose -s + 4 = -1. Suppose 2*j - g - 23 = -6, 0 = s*j - 4*g - 38. Calculate the remainder when 29 is divided by j.
9
Suppose -24*t - 150 = -1326. Let j = 21 + -8. What is the remainder when t is divided by j?
10
Let r be 632/(-10) - 18/(-90). What is the remainder when 9/r + (-190)/(-7) is divided by 14?
13
Let f(z) = -z**3 + 7*z**2 + 2*z + 1. Suppose 54 = 11*h - 2*h. Calculate the remainder when f(7) is divided by h.
3
Suppose 4*w = -2*h + 16, 2*w + h - 20 = 3*h. Suppose -4 + 6 = t. Suppose -t*d + 8 + 26 = 0. Calculate the remainder when d is divided by w.
5
Let z(q) = -q - 2. Let b be z(3). Let x = b - -12. Calculate the remainder when 26 is divided by x.
5
What is the remainder when 7 is divided by (-5)/(-35) - (-20)/7?
1
Suppose 0 = -4*v + s + 77, -18 - 71 = -4*v - 3*s. Let n be 3/(-9) - (-16)/3. Let j = v - n. What is the remainder when j is divided by 8?
7
Suppose 5*c = -f - 33 + 93, 2*f = c - 12. Calculate the remainder when 35 is divided by c.
11
Suppose -165 = -5*w - 5*u, w + 3*w - 114 = 5*u. What is the remainder when w is divided by 17?
14
Let l be 36/(-45)*10/2. Let a(b) = -b**2 - 6*b - 2. Calculate the remainder when 10 is divided by a(l).
4
Let b = -33 + 47. Let g = -12 + b. Calculate the remainder when 4 is divided by g.
0
Let d(b) = 3*b**3 + b**2 + 4*b - 3. Let p be d(2). Let o = 80 - p. Let z = o + -10. Calculate the remainder when z is divided by 13.
11
Let f be -2*4/(-2) - -1. Let c = f - 3. What is the remainder when c is divided by 2?
0
Suppose -9 = 5*p - 44. Let b(o) = o**3 + 11*o**2 - 12*o + 6. Let g be b(-12). Calculate the remainder when p is divided by (-13)/(-5) - g/(-15).
1
Let m(k) = -4*k**2 - 20*k + 7. What is the remainder when 24 is divided by m(-5)?
3
Suppose -17 - 43 = -5*g. What is the remainder when 44 is divided by g?
8
Suppose 4*m - 23 = -3. Suppose 2*a = -v + 6*v + 52, -3*v = m*a + 25. Let x = v - -16. What is the remainder when x is divided by 4?
2
Suppose 2*m - 6 - 30 = 0. What is the remainder when m is divided by 10?
8
Let j(p) = -14*p**3 - 2*p**2 - 2*p - 1. Let y be j(-1). Suppose 0 = -q + 2*q + 2*v - 7, 5*q = v + y. Calculate the remainder when 7 is divided by q.
1
Suppose -v = -3*q + 6, 5*q + 2 = 6*q - 2*v. Suppose 28 = q*l - 0*l. Calculate the remainder when 40 is divided by l.
12
Let g(n) = -n**3 - 7*n**2 - n + 4. What is the remainder when g(-7) is divided by 4?
3
Let v = 231 - 162. Suppose -3*g + v - 15 = 0. What is the remainder when 69 is divided by g?
15
Let d(l) = l**3 - 10*l**2 + 10*l. What is the remainder when (8 - 4)/(1/4) is divided by d(9)?
7
Let q be 1 - (0 + -23) - -1. Suppose -2*t + q = -7*t. Let s(v) = -7*v - 1. Calculate the remainder when s(t) is divided by 18.
16
Let o = -25 - -46. Calculate the remainder when 82 is divided by o.
19
Suppose 4*i - 9*i = -30. Suppose 5*y - 18 - 17 = 0. What is the remainder when 6*-3*(-4)/i is divided by y?
5
Suppose -2*p = 2*p + 16. What is the remainder when 1 is divided by 1/3 - p/6?
0
Let a(w) be the first derivative of 2*w**3 + w**2 - w - 3. Calculate the remainder when a(-2) is divided by 5.
4
Let j(t) = t - 6. Let b be j(6). Let f be 2 + 6 + b/(-1). What is the remainder when 10 is divided by 2/f + 15/4?
2
Suppose -3*v = 2*v - 25. Let u(x) = -x**3 + 6*x**2 - 4*x + 3. Calculate the remainder when 21 is divided by u(v).
5
Suppose -3*v + 28 + 2 = 0. Calculate the remainder when v + 3 - (-4)/(-2) is divided by 7.
4
What is the remainder when (-1 - 41)*6/(-12) is divided by 13?
8
What is the remainder when 24 is divided by 2*(30/4)/((-12)/(-4))?
4
Let c = -114 - -242. Calculate the remainder when c is divided by 26.
24
What is the remainder when 21 is divided by (-5 + 9)*(-1 + 2 + 0)?
1
Let t = -81 + 137. Calculate the remainder when t is divided by 19.
18
Let r be (-10)/(-2) + (4 - 2). Suppose 0 = -u + 2 + r. Calculate the remainder when (0 - 0) + (15 - -1) is divided by u.
7
Let p be (-1 - 0)*-1*2. Let u = p +